.
-21
Let j(t) = -5*t + 4. Let s(g) = -4*g + 3. Let z(i) = i. Let b(y) = -s(y) + 2*z(y). Let v(c) = 4*b(c) + 5*j(c). Determine v(8).
0
Let c(y) = -y**3 - 14*y**2 + 6*y - 6. Let d(m) = -10 - m**3 - 3599*m + 3 + 3606*m - 13*m**2. Let n(w) = -3*c(w) + 4*d(w). Calculate n(-11).
1
Let l(x) = -2*x + 3. Let q(d) = -33*d + 23. Let a(g) = 7*l(g) - q(g). Calculate a(-1).
-21
Let v(n) = -n**3 - n**2 - 6. Let u(q) = -3*q**3 + 11*q**2 + 14*q - 20. Let p(j) = u(j) - 4*v(j). Determine p(-14).
4
Let x be 6/9*-6 - -24. Suppose -2*d - x = 5*z, -3*z - 33 = -0*z - 3*d. Let m(v) = v**2 + 10*v + 2. What is m(z)?
-22
Let b(g) = -g**3 - 7*g**2 + 9*g + 13. Let w be b(-8). Let a(c) = -c**3 + 6*c**2 - 4*c - 2. Let h be a(w). Let z(v) = v**2 - 2. Calculate z(h).
7
Let n(q) = -6*q - 264 + 126 + 133. Give n(-8).
43
Suppose 0 = 22*g - 10*g - 240. Let b(s) = s - 25. Calculate b(g).
-5
Let y(b) be the first derivative of -b**6/120 + 7*b**5/60 + b**4/12 - 5*b**3/3 + 5*b**2 + 12. Let c(a) be the second derivative of y(a). Calculate c(7).
4
Suppose -478*x = -484*x + 24. Let z(k) = k**3 - 2*k**2 - 8*k - 2. Calculate z(x).
-2
Let a = 22 + -29. Let v(h) = 2*h + h + 3 - 5*h - 9. Give v(a).
8
Let u(o) = 6 - 2*o**3 + 0*o**3 + 2*o - 8 - o**2 + 4*o**2 - o**2. What is u(-2)?
18
Let t(z) = 35*z + 119. Let l(b) = 12*b + 40. Let r(n) = -8*l(n) + 3*t(n). Give r(-4).
1
Let r(c) = -c**3 + 6*c**2 - c - 2. Let w be (0/1 + -10)/(205 - 207). Give r(w).
18
Let q(h) be the first derivative of -9 + 1/2*h**2 - 2*h. Give q(-5).
-7
Let u(w) = 10*w**2 - w + 3. Let o(l) = -1. Let j(m) = 3*o(m) + u(m). Calculate j(2).
38
Suppose -5*r - 26 = -v, -24*r + 5*v = -19*r + 50. Let t(m) = 0 - m**3 - 3 - 3*m**2 - m - 3*m. What is t(r)?
29
Let c(t) = -t**2 + 3*t - 1. Suppose -37 = -19*u + 20. Determine c(u).
-1
Suppose 3*h - 15 = 0, 0 = -2*a + 5*h - 14 - 9. Let u(m) = 7*m**2 - m. Determine u(a).
6
Let a be -1 + 1 + -1 + 6. Let f(c) = -3*c - 17*c + 19*c - 7 + c + c**2 - 2*c. Give f(a).
8
Let c(p) = 9*p**2 - 7*p + 3. Let a(d) = 5*d**2 - 4*d + 2. Let v(u) = 7*a(u) - 4*c(u). Let s(z) = -z + 2. Let t(g) = -4*s(g) + 3*v(g). What is t(2)?
-6
Let l = -18 + 20. Let u(v) = -6*v**3 + 3*v - 2*v + l*v - 2*v. Calculate u(-1).
5
Let u(l) be the second derivative of l**5/60 + l**4/24 + 13*l**2 + 32*l. Let w(h) be the first derivative of u(h). Let o be (4/6)/((-6)/(-27)). What is w(o)?
12
Let t(u) = 2*u**2 + u + 3. Let q be t(-3). Suppose 8 - q = 5*p. Let c(n) = -2*n**2 - n - 2. Give c(p).
-8
Let t(s) = 4*s**2 + s + 3. Let y(a) = -a**2 - 1. Let f(m) = t(m) + 3*y(m). Let u(n) = 5*n**2 + 9*n + 3. Let o(r) = -6*f(r) + u(r). Give o(3).
3
Let j be ((-21)/(-14))/(24/(-16)). Let c(x) = -58*x + 1. Determine c(j).
59
Suppose 20 = 2*f + 16. Let d(s) = 4*s - 3*s + 6*s**f - 2 - s**2 + s**3 + 0*s. Determine d(-4).
10
Let k = 29 - 33. Let q(i) = i**3 + 5*i**2 + 3*i - 1. Let j be q(k). Let w(d) = d**2 - d - 2. What is w(j)?
4
Let j(f) = -f**2 + 18*f + 26. Suppose 12*n - 14*n = p - 17, -81 = -4*p + 5*n. Calculate j(p).
7
Let s(i) = -2*i**2 + 2*i + 1. Let g(h) = -7*h**2 + 3*h - 2. Let m(n) = g(n) - 4*s(n). What is m(6)?
0
Let r(n) = -n**3 + 3*n**2 + 4*n - 6. Let w = 28 + -26. Suppose w = -2*g + 10. What is r(g)?
-6
Let b(c) be the second derivative of -c**4/12 - c**3/3 - 3*c**2 - 5*c + 4. What is b(-4)?
-14
Let a(j) = j**3 - 8*j**2 + 7*j + 4. Suppose 5*n + 5*l - 59 = -44, -n = 3*l + 5. Determine a(n).
4
Let h = 49 + -125. Let s = h - -78. Let t(b) = -b**3 + 2*b**2 - 2*b + 3. Determine t(s).
-1
Let z(r) = 3*r + 6. Let v(i) = -4*i - 5. Let k(c) = 2*v(c) + 3*z(c). Give k(-7).
1
Let p(l) = l**2 + 6*l - 13. Let g be p(-8). Suppose -2*v + 0 = -8. Let a(r) = -r**3 + 3*r + v + 0*r**2 + 0*r**2 + r**2 + 0*r**2. What is a(g)?
-5
Let p(b) = b**3 + b**2 - 2*b + 1. Let y = -93 + 94. Let l be 3 - 0 - (y - (-7 - -7)). Give p(l).
9
Let f(z) = z**3 + 50*z**2 + 46*z - 146. Let j be f(-49). Let v(q) = -2*q**2 + 3*q - 2. What is v(j)?
-1
Suppose -l = -4*t - 0*l + 12, 5*t - 36 = -4*l. Suppose t*i + 9 = 17. Let a(y) = 6*y**3 - 5*y**2 - 4 + 0*y - 3*y**3 - 4*y - i*y**3. What is a(6)?
8
Let i(j) = 26*j**3 + j**2 - 1. Let t be i(1). Let g(v) = 2*v**2 + t - 56 + v + 30 + 6*v**3. Determine g(-1).
-5
Let k = -264 + 267. Let s(x) = -x**2 + 6*x - 8. Determine s(k).
1
Let l(x) = x**2 + 2*x - 3. Let v be l(-4). Let p(i) be the second derivative of i**2 + 4*i + 0 + 1/12*i**4 - 7/6*i**3. Determine p(v).
-8
Let z(g) = -1469231*g**3 + 2 + 0*g - 10*g**2 + 1469233*g**3 - g. Calculate z(5).
-3
Suppose 9*i + 30 + 33 = 0. Let f(n) be the third derivative of n**5/60 + n**4/3 + 4*n**3/3 + n**2. Calculate f(i).
1
Let u(i) = -33*i + 8 + 19*i + 16*i. Let m be u(-3). Let f(r) = 4 - m*r - 2 + r. Calculate f(-2).
4
Let y(k) = 3*k**3 - 25*k**2 - 17*k - 13. Let p be y(9). Let i(h) = 2*h**2 + 3*h - 2. Calculate i(p).
18
Let v(h) = 93 - 12*h**2 - 94 + 11*h**2 - 3*h. What is v(-4)?
-5
Let d(l) = l**3 - l**2 - 2*l. Let b(w) = -w + 12. Let m be b(9). Suppose -20 = -2*h - m*h. Suppose h*o + 4 = 2*o. Give d(o).
-8
Suppose 3*j - 35 = -4*z, 0*j + 5*z - 10 = 3*j. Let m(n) = 5*n - 3*n + 2*n - 6*n**2 - 1 + 11*n**2 - 6*n**2. Give m(j).
-6
Let v(z) = -83 - 2*z**2 + 45 + z**2 + 45 + z**3. What is v(0)?
7
Let o(f) be the second derivative of -5*f**3/6 + 3*f**2/2 + 30*f. Suppose 2*u - 3 = 1. Determine o(u).
-7
Suppose 0*t - 3*t + 9 = 0. Suppose i = -g + 11, 0 = 3*g - i - t*i - 12. Let w(a) = -7*a + 4*a - 5*a + g*a**2 + 0*a**3 - a**3. Give w(7).
-7
Let f(h) = h**2 - 7*h - 3. Suppose 49 = 4*l - 39. Let n = l - 18. Suppose n*i = -i + 5, 0 = 5*t + 3*i - 38. Give f(t).
-3
Let d(f) = -3*f**3 - 2*f. Let p = -852 - -850. Determine d(p).
28
Let u(h) be the third derivative of -h**5/60 - 3*h**4/8 - 5*h**3/6 - 6*h**2. Let j be u(-7). Let r = -11 + j. Let g(s) = -s**3 - 3*s**2 - s + 1. Determine g(r).
-1
Let d(m) = 0*m**2 - 4*m - 2*m - m**2 + 4*m. Let i = -10 - -16. Let o be (1 + 3/i)*-2. What is d(o)?
-3
Let u(i) = -7*i**3 - 4*i**2 + 8*i + 11. Let q(x) = x**3 - x - 1. Let j(o) = 6*q(o) + u(o). Suppose 5*w - 13 = -3*d, 0 = -3*d - 20*w + 18*w - 2. Calculate j(d).
-3
Suppose d - 32 = 4. Let z = -43 + d. Let x(t) = 20*t**3 + 35*t**2 - 27*t - 9. Let h(m) = 7*m**3 + 12*m**2 - 9*m - 3. Let p(k) = -17*h(k) + 6*x(k). What is p(z)?
11
Let s be (434/4)/(-7)*-2. Let h = -15 + s. Let b = 21 - h. Let j(u) = u**2 - 6*u - 2. Give j(b).
-7
Let k(q) = 5 - 10 + 3 - 3 + 1 - q. Give k(-10).
6
Suppose 2*s - 4 = -2. Let h(w) = -w - 1. What is h(s)?
-2
Let n(c) be the third derivative of -c**5/60 - c**4/4 - 5*c**3/3 + 14*c**2 + c. Calculate n(-7).
-17
Let b(n) = -58*n + 28 + 105*n - 52*n. Calculate b(9).
-17
Let k(g) be the third derivative of g**5/60 + 7*g**4/24 - g**3 - 185*g**2. Let f be (-270)/35 + (-2)/7. Give k(f).
2
Suppose 3*a = -3*x + 12, -9*x + 8*x + 8 = -3*a. Let l(q) = -3*q**3 - q**2 + q + 1. Calculate l(a).
2
Let v(d) = d**2 + 7. Suppose 5*l + 18 = 8*l. Suppose 2 - 14 = -l*a. Let u(b) = b**2 - b - 2. Let m be u(a). Give v(m).
7
Let p(n) = -4*n**3 + 3*n**2 + 2*n - 6. Let u(w) = -w**3 + w**2. Let h(f) = -p(f) + 3*u(f). Give h(0).
6
Let i be 2/(-9) + 56/9. Let k(a) = 7*a + 1. Let p(f) = -41*f - 12. Let y(o) = 6*k(o) + p(o). Give y(i).
0
Let a(z) be the second derivative of -z**5/20 + 5*z**4/12 - z**3/3 + 5*z + 2. Let b = -21 + 34. Suppose 0*q + 4*q = 3*f + b, 0 = 5*f - 5. Give a(q).
8
Let c(y) be the third derivative of y**8/6720 - y**7/630 - y**6/180 + y**5/24 - 13*y**4/24 - 15*y**2. Let u(g) be the second derivative of c(g). Determine u(5).
10
Let m(f) = -10*f - 16. Let x(i) = -8*i - 14. Let q(b) = 3*m(b) - 4*x(b). Determine q(-11).
-14
Let f(u) = 8 + 7011*u - 3507*u - 3506*u. Give f(6).
-4
Let o(n) = -10*n**3 - 21*n**2 + 22*n + 27. Let z(j) = 3*j**3 + 7*j**2 - 7*j - 9. Let k(d) = 2*o(d) + 7*z(d). Give k(-7).
26
Let v = 796 - 787. Let g(i) = -i**3 + 9*i**2 + 18. Calculate g(v).
18
Let c(w) = 2*w**2 - 7*w + 4. Let k(l) = l**3 - 7*l**2 - 20*l + 22. Let f be k(9). What is c(f)?
8
Let p be (1/3)/((-19)/(-285)). Let a(g) = 0*g - 8 - 3 + 3*g + p. Calculate a(5).
9
Let p(f) = -5*f - 43. Let s be 4*(-30)/48*2*2. What is p(s)?
7
Let j(l) be the second derivative of 0 - 2/3*l**3 + 17*l - 1/4*l**4 - l**2 - 1/20*l**5. What is j(-2)?
2
Let w(z) be the third derivative of z**5/30 - 7*z**4/24 + 2*z**3/3 - 25*z**2 + 4. Let r(n) = -2*n**3 - 3*n**2 - n 